{"id":227,"date":"2021-10-31T16:51:24","date_gmt":"2021-10-31T15:51:24","guid":{"rendered":"https:\/\/breadcoin.pl\/?page_id=227"},"modified":"2021-11-12T17:49:03","modified_gmt":"2021-11-12T16:49:03","slug":"elementor-227","status":"publish","type":"page","link":"https:\/\/breadcoin.pl\/","title":{"rendered":"Strona g\u0142\u00f3wna"},"content":{"rendered":"\t\t<div data-elementor-type=\"wp-page\" data-elementor-id=\"227\" class=\"elementor elementor-227\" data-elementor-settings=\"[]\">\n\t\t\t\t\t\t\t<div class=\"elementor-section-wrap\">\n\t\t\t\t\t\t\t<section class=\"elementor-section elementor-top-section elementor-element elementor-element-80dfdab elementor-section-height-min-height elementor-section-stretched elementor-section-content-middle elementor-section-boxed elementor-section-height-default elementor-section-items-middle\" data-id=\"80dfdab\" data-element_type=\"section\" data-settings=\"{&quot;stretch_section&quot;:&quot;section-stretched&quot;,&quot;_ha_eqh_enable&quot;:false}\">\n\t\t\t\t\t\t<div class=\"elementor-container elementor-column-gap-default\">\n\t\t\t\t\t<div class=\"elementor-column elementor-col-100 elementor-top-column elementor-element elementor-element-b5e0187\" data-id=\"b5e0187\" data-element_type=\"column\">\n\t\t\t<div class=\"elementor-widget-wrap elementor-element-populated\">\n\t\t\t\t\t\t\t\t<div class=\"elementor-element elementor-element-f57c018 elementor-widget elementor-widget-ha-slider happy-addon ha-slider\" data-id=\"f57c018\" data-element_type=\"widget\" data-settings=\"{&quot;animation_speed&quot;:300,&quot;autoplay&quot;:&quot;yes&quot;,&quot;autoplay_speed&quot;:3000,&quot;loop&quot;:&quot;yes&quot;,&quot;navigation&quot;:&quot;arrow&quot;}\" data-widget_type=\"ha-slider.default\">\n\t\t\t\t<div class=\"elementor-widget-container\">\n\t\t\t\n\t\t<div class=\"hajs-slick ha-slick ha-slick--slider\">\n\n\t\t\t\n\t\t\t\t<div class=\"ha-slick-slide\">\n\t\t\t\t\t<div class=\"ha-slick-item\">\n\t\t\t\t\t\t\t\t\t\t\t\t\t<img decoding=\"async\" class=\"ha-slick-img\" src=\"https:\/\/breadcoin.pl\/wp-content\/uploads\/2021\/11\/bradcoin-slider.png\" alt=\"\">\n\t\t\t\t\t\t\n\t\t\t\t\t\t\t\t\t\t\t<\/div>\n\t\t\t\t<\/div>\n\n\t\t\t\n\t\t<\/div>\n\n\t\t\t\t\t<button type=\"button\" class=\"slick-prev\"><i aria-hidden=\"true\" class=\"fas fa-chevron-left\"><\/i><\/button>\n\t\t\n\t\t\t\t\t<button type=\"button\" class=\"slick-next\"><i aria-hidden=\"true\" class=\"fas fa-chevron-right\"><\/i><\/button>\n\t\t\n\t\t\t\t<\/div>\n\t\t\t\t<\/div>\n\t\t\t\t\t<\/div>\n\t\t<\/div>\n\t\t\t\t\t\t\t<\/div>\n\t\t<\/section>\n\t\t\t\t<section class=\"elementor-section elementor-top-section elementor-element elementor-element-50b116e elementor-section-stretched elementor-section-boxed elementor-section-height-default elementor-section-height-default\" data-id=\"50b116e\" data-element_type=\"section\" data-settings=\"{&quot;stretch_section&quot;:&quot;section-stretched&quot;,&quot;_ha_eqh_enable&quot;:false}\">\n\t\t\t\t\t\t<div class=\"elementor-container elementor-column-gap-default\">\n\t\t\t\t\t<div class=\"elementor-column elementor-col-100 elementor-top-column elementor-element elementor-element-b983011\" data-id=\"b983011\" data-element_type=\"column\">\n\t\t\t<div class=\"elementor-widget-wrap elementor-element-populated\">\n\t\t\t\t\t\t\t\t<div class=\"elementor-element elementor-element-f913fa2 elementor-widget elementor-widget-heading\" data-id=\"f913fa2\" data-element_type=\"widget\" data-widget_type=\"heading.default\">\n\t\t\t\t<div class=\"elementor-widget-container\">\n\t\t\t<h2 class=\"elementor-heading-title elementor-size-default\">Zacznij zbiera\u0107 Breadcoiny ju\u017c dzi\u015b! <br\/>\nZobacz, jakie to proste\n<\/h2>\t\t<\/div>\n\t\t\t\t<\/div>\n\t\t\t\t\t<\/div>\n\t\t<\/div>\n\t\t\t\t\t\t\t<\/div>\n\t\t<\/section>\n\t\t\t\t<section class=\"elementor-section elementor-top-section elementor-element elementor-element-641d380 elementor-section-stretched elementor-section-boxed elementor-section-height-default elementor-section-height-default\" data-id=\"641d380\" data-element_type=\"section\" data-settings=\"{&quot;stretch_section&quot;:&quot;section-stretched&quot;,&quot;_ha_eqh_enable&quot;:false}\">\n\t\t\t\t\t\t<div class=\"elementor-container elementor-column-gap-default\">\n\t\t\t\t\t<div class=\"elementor-column elementor-col-100 elementor-top-column elementor-element elementor-element-f92b90e\" data-id=\"f92b90e\" data-element_type=\"column\">\n\t\t\t<div class=\"elementor-widget-wrap elementor-element-populated\">\n\t\t\t\t\t\t\t\t<div class=\"elementor-element elementor-element-4659933 elementor-widget__width-initial elementor-widget-mobile__width-initial elementor-widget elementor-widget-ha-step-flow happy-addon ha-step-flow\" data-id=\"4659933\" data-element_type=\"widget\" data-widget_type=\"ha-step-flow.default\">\n\t\t\t\t<div class=\"elementor-widget-container\">\n\t\t\t\n\t\t<div class=\"ha-steps-icon\">\n\t\t\t\n\t\t\t<i aria-hidden=\"true\" class=\"fas fa-mobile-alt\"><\/i>\n\t\t\t\t\t\t\t<span class=\"ha-steps-label\">Krok 1<\/span>\n\t\t\t\t\t<\/div>\n\n\t\t<h2 class=\"ha-steps-title\"><\/h2>\n\t\t\t\t\t<p class=\"ha-step-description\">Pobierz dedykowan\u0105 aplikacj\u0119 mobiln\u0105, za\u0142\u00f3\u017c konto, a nast\u0119pnie wybierz profil \u2013 z\u0142oty, srebrny lub br\u0105zowy. Decyduje on o ilo\u015bci przekazywanych danych, a tak\u017ce nominale zbieranych przez Ciebie monet.<\/p>\n\t\t\n\t\t\t\t<\/div>\n\t\t\t\t<\/div>\n\t\t\t\t<div class=\"elementor-element elementor-element-b58e6f4 elementor-widget__width-initial elementor-widget-mobile__width-initial elementor-widget elementor-widget-ha-step-flow happy-addon ha-step-flow\" data-id=\"b58e6f4\" data-element_type=\"widget\" data-widget_type=\"ha-step-flow.default\">\n\t\t\t\t<div class=\"elementor-widget-container\">\n\t\t\t\n\t\t<div class=\"ha-steps-icon\">\n\t\t\t\n\t\t\t<i aria-hidden=\"true\" class=\"fas fa-barcode\"><\/i>\n\t\t\t\t\t\t\t<span class=\"ha-steps-label\">Krok 2<\/span>\n\t\t\t\t\t<\/div>\n\n\t\t<h2 class=\"ha-steps-title\"><\/h2>\n\t\t\t\t\t<p class=\"ha-step-description\">Odwied\u017a sw\u00f3j ulubiony sklep, a przy kasie przedstaw mobiln\u0105 kart\u0119 klienta. Po jej zeskanowaniu paragon zostanie powi\u0105zany z Twoim kontem u\u017cytkownika. <\/p>\n\t\t\n\t\t\t\t<\/div>\n\t\t\t\t<\/div>\n\t\t\t\t<div class=\"elementor-element elementor-element-065d707 elementor-widget__width-initial elementor-widget-mobile__width-initial elementor-widget elementor-widget-ha-step-flow happy-addon ha-step-flow\" data-id=\"065d707\" data-element_type=\"widget\" data-widget_type=\"ha-step-flow.default\">\n\t\t\t\t<div class=\"elementor-widget-container\">\n\t\t\t\n\t\t<div class=\"ha-steps-icon\">\n\t\t\t\n\t\t\t<i aria-hidden=\"true\" class=\"fas fa-coins\"><\/i>\n\t\t\t\t\t\t\t<span class=\"ha-steps-label\">Krok 3<\/span>\n\t\t\t\t\t<\/div>\n\n\t\t<h2 class=\"ha-steps-title\"><\/h2>\n\t\t\t\t\t<p class=\"ha-step-description\">Za ka\u017cd\u0105 kwot\u0119 wydan\u0105 w sklepie otrzymasz monety Bc, czyli wirtualn\u0105 walut\u0119, kt\u00f3r\u0105 mo\u017cesz wykorzysta\u0107 przy kolejnych zakupach. <\/p>\n\t\t\n\t\t\t\t<\/div>\n\t\t\t\t<\/div>\n\t\t\t\t\t<\/div>\n\t\t<\/div>\n\t\t\t\t\t\t\t<\/div>\n\t\t<\/section>\n\t\t\t\t<section class=\"elementor-section elementor-top-section elementor-element elementor-element-baddfc0 elementor-section-stretched elementor-section-boxed elementor-section-height-default elementor-section-height-default\" data-id=\"baddfc0\" data-element_type=\"section\" data-settings=\"{&quot;stretch_section&quot;:&quot;section-stretched&quot;,&quot;_ha_eqh_enable&quot;:false}\">\n\t\t\t\t\t\t<div class=\"elementor-container elementor-column-gap-default\">\n\t\t\t\t\t<div class=\"elementor-column elementor-col-50 elementor-top-column elementor-element elementor-element-3fcd86f\" data-id=\"3fcd86f\" data-element_type=\"column\">\n\t\t\t<div class=\"elementor-widget-wrap elementor-element-populated\">\n\t\t\t\t\t\t\t\t<div class=\"elementor-element elementor-element-9c779e3 elementor-widget elementor-widget-image\" data-id=\"9c779e3\" data-element_type=\"widget\" data-widget_type=\"image.default\">\n\t\t\t\t<div class=\"elementor-widget-container\">\n\t\t\t\t\t\t\t\t\t\t\t\t\t\t\t<img loading=\"lazy\" decoding=\"async\" width=\"750\" height=\"500\" src=\"https:\/\/breadcoin.pl\/wp-content\/uploads\/2021\/11\/screenshot6_r.jpg\" class=\"attachment-large size-large\" alt=\"\" srcset=\"https:\/\/breadcoin.pl\/wp-content\/uploads\/2021\/11\/screenshot6_r.jpg 1024w, https:\/\/breadcoin.pl\/wp-content\/uploads\/2021\/11\/screenshot6_r-300x200.jpg 300w, https:\/\/breadcoin.pl\/wp-content\/uploads\/2021\/11\/screenshot6_r-768x512.jpg 768w\" sizes=\"auto, (max-width: 750px) 100vw, 750px\" style=\"width:100%;height:66.6%;max-width:1024px\" \/>\t\t\t\t\t\t\t\t\t\t\t\t\t\t\t<\/div>\n\t\t\t\t<\/div>\n\t\t\t\t\t<\/div>\n\t\t<\/div>\n\t\t\t\t<div class=\"elementor-column elementor-col-50 elementor-top-column elementor-element elementor-element-bfa2ea7\" data-id=\"bfa2ea7\" data-element_type=\"column\">\n\t\t\t<div class=\"elementor-widget-wrap elementor-element-populated\">\n\t\t\t\t\t\t\t\t<div class=\"elementor-element elementor-element-4e3056d elementor-widget elementor-widget-image\" data-id=\"4e3056d\" data-element_type=\"widget\" data-widget_type=\"image.default\">\n\t\t\t\t<div class=\"elementor-widget-container\">\n\t\t\t\t\t\t\t\t\t\t\t\t\t\t\t<img loading=\"lazy\" decoding=\"async\" width=\"750\" height=\"500\" src=\"https:\/\/breadcoin.pl\/wp-content\/uploads\/2021\/11\/screenshot5_r.jpg\" class=\"attachment-large size-large\" alt=\"\" srcset=\"https:\/\/breadcoin.pl\/wp-content\/uploads\/2021\/11\/screenshot5_r.jpg 1024w, https:\/\/breadcoin.pl\/wp-content\/uploads\/2021\/11\/screenshot5_r-300x200.jpg 300w, https:\/\/breadcoin.pl\/wp-content\/uploads\/2021\/11\/screenshot5_r-768x512.jpg 768w\" sizes=\"auto, (max-width: 750px) 100vw, 750px\" style=\"width:100%;height:66.6%;max-width:1024px\" \/>\t\t\t\t\t\t\t\t\t\t\t\t\t\t\t<\/div>\n\t\t\t\t<\/div>\n\t\t\t\t\t<\/div>\n\t\t<\/div>\n\t\t\t\t\t\t\t<\/div>\n\t\t<\/section>\n\t\t\t\t<section class=\"elementor-section elementor-top-section elementor-element elementor-element-481d16c elementor-section-stretched elementor-section-boxed elementor-section-height-default elementor-section-height-default\" data-id=\"481d16c\" data-element_type=\"section\" data-settings=\"{&quot;stretch_section&quot;:&quot;section-stretched&quot;,&quot;_ha_eqh_enable&quot;:false}\">\n\t\t\t\t\t\t<div class=\"elementor-container elementor-column-gap-default\">\n\t\t\t\t\t<div class=\"elementor-column elementor-col-100 elementor-top-column elementor-element elementor-element-98151b6\" data-id=\"98151b6\" data-element_type=\"column\">\n\t\t\t<div class=\"elementor-widget-wrap elementor-element-populated\">\n\t\t\t\t\t\t\t\t<div class=\"elementor-element elementor-element-738e418 elementor-widget elementor-widget-heading\" data-id=\"738e418\" data-element_type=\"widget\" data-widget_type=\"heading.default\">\n\t\t\t\t<div class=\"elementor-widget-container\">\n\t\t\t<h2 class=\"elementor-heading-title elementor-size-default\">Co zyskasz po uruchomieniu programu Breadcoin?<\/h2>\t\t<\/div>\n\t\t\t\t<\/div>\n\t\t\t\t\t<\/div>\n\t\t<\/div>\n\t\t\t\t\t\t\t<\/div>\n\t\t<\/section>\n\t\t\t\t<section class=\"elementor-section elementor-top-section elementor-element elementor-element-340ec69 elementor-section-stretched elementor-section-boxed elementor-section-height-default elementor-section-height-default\" data-id=\"340ec69\" data-element_type=\"section\" data-settings=\"{&quot;stretch_section&quot;:&quot;section-stretched&quot;,&quot;_ha_eqh_enable&quot;:false}\">\n\t\t\t\t\t\t<div class=\"elementor-container elementor-column-gap-default\">\n\t\t\t\t\t<div class=\"elementor-column elementor-col-100 elementor-top-column elementor-element elementor-element-76a03e6\" data-id=\"76a03e6\" data-element_type=\"column\">\n\t\t\t<div class=\"elementor-widget-wrap elementor-element-populated\">\n\t\t\t\t\t\t\t\t<div class=\"elementor-element elementor-element-0601d0d elementor-widget elementor-widget-text-editor\" data-id=\"0601d0d\" data-element_type=\"widget\" data-widget_type=\"text-editor.default\">\n\t\t\t\t<div class=\"elementor-widget-container\">\n\t\t\t\t\t\t\t<p>Korzy\u015bci dla klient\u00f3w decyduj\u0105cych si\u0119 na zainstalowanie aplikacji mobilnej s\u0105 oczywiste. Bez wzgl\u0119du na kupowane produkty, zawsze otrzymuj\u0105 wirtualn\u0105 walut\u0119 Bc, kt\u00f3r\u0105 mog\u0105 op\u0142aca\u0107 kolejne zakupy. <strong>To \u015bwietny spos\u00f3b na oszcz\u0119dno\u015bci.<\/strong> Zw\u0142aszcza \u017ce nie wymaga spe\u0142nienia \u017cadnych skomplikowanych kryteri\u00f3w \u2013 w aplikacji maj\u0105 pe\u0142n\u0105 informacj\u0119 na temat tego, ile monet posiadaj\u0105 i ile (w z\u0142ot\u00f3wkach) s\u0105 one warte.<\/p><p>A na co mo\u017cesz liczy\u0107 Ty, jako sprzedawca?<\/p>\t\t\t\t\t\t<\/div>\n\t\t\t\t<\/div>\n\t\t\t\t\t<\/div>\n\t\t<\/div>\n\t\t\t\t\t\t\t<\/div>\n\t\t<\/section>\n\t\t\t\t<section class=\"elementor-section elementor-top-section elementor-element elementor-element-7e91a8c elementor-section-stretched elementor-section-boxed elementor-section-height-default elementor-section-height-default\" data-id=\"7e91a8c\" data-element_type=\"section\" data-settings=\"{&quot;stretch_section&quot;:&quot;section-stretched&quot;,&quot;_ha_eqh_enable&quot;:false}\">\n\t\t\t\t\t\t<div class=\"elementor-container elementor-column-gap-default\">\n\t\t\t\t\t<div class=\"elementor-column elementor-col-100 elementor-top-column elementor-element elementor-element-8c5ad19\" data-id=\"8c5ad19\" data-element_type=\"column\">\n\t\t\t<div class=\"elementor-widget-wrap elementor-element-populated\">\n\t\t\t\t\t\t\t\t<div class=\"elementor-element elementor-element-61890ed elementor-widget__width-initial elementor-widget-mobile__width-initial ekit-equal-height-disable elementor-widget elementor-widget-elementskit-icon-box\" data-id=\"61890ed\" data-element_type=\"widget\" data-widget_type=\"elementskit-icon-box.default\">\n\t\t\t\t<div class=\"elementor-widget-container\">\n\t\t\t<div class=\"ekit-wid-con\" >        <!-- link opening -->\n                <!-- end link opening -->\n\n        <div class=\"elementskit-infobox text-center text- icon-top-align elementor-animation-   \">\n                    <div class=\"elementskit-box-header elementor-animation-\">\n                <div class=\"elementskit-info-box-icon  \">\n                    <i aria-hidden=\"true\" class=\"elementkit-infobox-icon fas fa-cash-register\"><\/i>\n                <\/div>\n          <\/div>\n                        <div class=\"box-body\">\n                                    <p>Breadcoin jest w pe\u0142ni zintegrowany z oprogramowaniem sprzeda\u017cowym InfoPiek. Wszelkie dane przesy\u0142ane s\u0105 wi\u0119c w spos\u00f3b p\u0142ynny i bezawaryjny. System na bie\u017c\u0105co rozlicza transakcje, dlatego nie musisz go nadzorowa\u0107. <\/p>\n                                <\/div>\n        \n        \n                <\/div>\n        <\/div>\t\t<\/div>\n\t\t\t\t<\/div>\n\t\t\t\t<div class=\"elementor-element elementor-element-dfc7edf elementor-widget__width-initial elementor-widget-mobile__width-initial ekit-equal-height-disable elementor-widget elementor-widget-elementskit-icon-box\" data-id=\"dfc7edf\" data-element_type=\"widget\" data-widget_type=\"elementskit-icon-box.default\">\n\t\t\t\t<div class=\"elementor-widget-container\">\n\t\t\t<div class=\"ekit-wid-con\" >        <!-- link opening -->\n                <!-- end link opening -->\n\n        <div class=\"elementskit-infobox text-center text- icon-top-align elementor-animation-   \">\n                    <div class=\"elementskit-box-header elementor-animation-\">\n                <div class=\"elementskit-info-box-icon  \">\n                    <i aria-hidden=\"true\" class=\"elementkit-infobox-icon fas fa-mobile-alt\"><\/i>\n                <\/div>\n          <\/div>\n                        <div class=\"box-body\">\n                                    <p>Ca\u0142o\u015b\u0107 odbywa si\u0119 za po\u015brednictwem aplikacji mobilnej \u2013 mo\u017cesz po\u017cegna\u0107 si\u0119 konieczno\u015bci\u0105 drukowania specjalnych kart czy te\u017c voucher\u00f3w. <\/p>\n                                <\/div>\n        \n        \n                <\/div>\n        <\/div>\t\t<\/div>\n\t\t\t\t<\/div>\n\t\t\t\t<div class=\"elementor-element elementor-element-80b5f03 elementor-widget__width-initial elementor-widget-mobile__width-initial ekit-equal-height-disable elementor-widget elementor-widget-elementskit-icon-box\" data-id=\"80b5f03\" data-element_type=\"widget\" data-widget_type=\"elementskit-icon-box.default\">\n\t\t\t\t<div class=\"elementor-widget-container\">\n\t\t\t<div class=\"ekit-wid-con\" >        <!-- link opening -->\n                <!-- end link opening -->\n\n        <div class=\"elementskit-infobox text-center text- icon-top-align elementor-animation-   \">\n                    <div class=\"elementskit-box-header elementor-animation-\">\n                <div class=\"elementskit-info-box-icon  \">\n                    <i aria-hidden=\"true\" class=\"elementkit-infobox-icon fas fa-money-check-alt\"><\/i>\n                <\/div>\n          <\/div>\n                        <div class=\"box-body\">\n                                    <p>Zyskasz dost\u0119p do atrakcyjnego, prostego w obs\u0142udze programu lojalno\u015bciowego, kt\u00f3ry zach\u0119ci klient\u00f3w do odwiedzania Twojego sklepu! <\/p>\n                                <\/div>\n        \n        \n                <\/div>\n        <\/div>\t\t<\/div>\n\t\t\t\t<\/div>\n\t\t\t\t\t<\/div>\n\t\t<\/div>\n\t\t\t\t\t\t\t<\/div>\n\t\t<\/section>\n\t\t\t\t<section class=\"elementor-section elementor-top-section elementor-element elementor-element-5628304 elementor-section-stretched elementor-section-boxed elementor-section-height-default elementor-section-height-default\" data-id=\"5628304\" data-element_type=\"section\" data-settings=\"{&quot;stretch_section&quot;:&quot;section-stretched&quot;,&quot;_ha_eqh_enable&quot;:false}\">\n\t\t\t\t\t\t<div class=\"elementor-container elementor-column-gap-default\">\n\t\t\t\t\t<div class=\"elementor-column elementor-col-100 elementor-top-column elementor-element elementor-element-7fcd155\" data-id=\"7fcd155\" data-element_type=\"column\">\n\t\t\t<div class=\"elementor-widget-wrap elementor-element-populated\">\n\t\t\t\t\t\t\t\t<div class=\"elementor-element elementor-element-30aa038 elementor-widget__width-initial elementor-widget-mobile__width-initial ekit-equal-height-disable elementor-widget elementor-widget-elementskit-icon-box\" data-id=\"30aa038\" data-element_type=\"widget\" data-widget_type=\"elementskit-icon-box.default\">\n\t\t\t\t<div class=\"elementor-widget-container\">\n\t\t\t<div class=\"ekit-wid-con\" >        <!-- link opening -->\n                <!-- end link opening -->\n\n        <div class=\"elementskit-infobox text-center text- icon-top-align elementor-animation-   \">\n                    <div class=\"elementskit-box-header elementor-animation-\">\n                <div class=\"elementskit-info-box-icon  \">\n                    <i aria-hidden=\"true\" class=\"elementkit-infobox-icon fas fa-chart-line\"><\/i>\n                <\/div>\n          <\/div>\n                        <div class=\"box-body\">\n                                    <p>Co najwa\u017cniejsze, to Ty ustalasz kurs monet Bc. <\/p>\n                                <\/div>\n        \n        \n                <\/div>\n        <\/div>\t\t<\/div>\n\t\t\t\t<\/div>\n\t\t\t\t\t<\/div>\n\t\t<\/div>\n\t\t\t\t\t\t\t<\/div>\n\t\t<\/section>\n\t\t\t\t<section class=\"elementor-section elementor-top-section elementor-element elementor-element-044eead elementor-section-stretched elementor-section-boxed elementor-section-height-default elementor-section-height-default\" data-id=\"044eead\" data-element_type=\"section\" data-settings=\"{&quot;stretch_section&quot;:&quot;section-stretched&quot;,&quot;_ha_eqh_enable&quot;:false}\">\n\t\t\t\t\t\t<div class=\"elementor-container elementor-column-gap-default\">\n\t\t\t\t\t<div class=\"elementor-column elementor-col-100 elementor-top-column elementor-element elementor-element-7e2f074\" data-id=\"7e2f074\" data-element_type=\"column\">\n\t\t\t<div class=\"elementor-widget-wrap elementor-element-populated\">\n\t\t\t\t\t\t\t\t<div class=\"elementor-element elementor-element-f339f23 elementor-widget elementor-widget-text-editor\" data-id=\"f339f23\" data-element_type=\"widget\" data-widget_type=\"text-editor.default\">\n\t\t\t\t<div class=\"elementor-widget-container\">\n\t\t\t\t\t\t\t<p>Czy musisz przygotowa\u0107 si\u0119 na powa\u017cne inwestycje finansowe w zwi\u0105zku z do\u0142\u0105czeniem do programu? Nie! Wszystko dzia\u0142a online, w chmurze, dlatego nie ma tu mowy o \u017cadnych du\u017cych wydatkach na dodatkow\u0105 infrastruktur\u0119 b\u0105d\u017a wsparcie IT.<\/p>\n<p>Breadcoin to program lojalno\u015bciowy i wirtualna waluta w jednym. Takiego rozwi\u0105zania nie znajdziesz nigdzie indziej! Prosta obs\u0142uga, a tak\u017ce mo\u017cliwo\u015b\u0107 zbierania monet sprawi, \u017ce zainteresuje on wiele os\u00f3b, kt\u00f3re nie chc\u0105 kolejnych plastikowych kart zalegaj\u0105cych w portfelu. <strong>Zapewnia on realne korzy\u015bci dla obu stron.<\/strong><\/p>\t\t\t\t\t\t<\/div>\n\t\t\t\t<\/div>\n\t\t\t\t\t<\/div>\n\t\t<\/div>\n\t\t\t\t\t\t\t<\/div>\n\t\t<\/section>\n\t\t\t\t<section class=\"elementor-section elementor-top-section elementor-element elementor-element-205de7d elementor-section-stretched elementor-section-boxed elementor-section-height-default elementor-section-height-default\" data-id=\"205de7d\" data-element_type=\"section\" data-settings=\"{&quot;stretch_section&quot;:&quot;section-stretched&quot;,&quot;_ha_eqh_enable&quot;:false}\">\n\t\t\t\t\t\t<div class=\"elementor-container elementor-column-gap-default\">\n\t\t\t\t\t<div class=\"elementor-column elementor-col-100 elementor-top-column elementor-element elementor-element-a1549c8\" data-id=\"a1549c8\" data-element_type=\"column\">\n\t\t\t<div class=\"elementor-widget-wrap elementor-element-populated\">\n\t\t\t\t\t\t\t\t<div class=\"elementor-element elementor-element-cac8fa9 elementor-widget elementor-widget-text-editor\" data-id=\"cac8fa9\" data-element_type=\"widget\" data-widget_type=\"text-editor.default\">\n\t\t\t\t<div class=\"elementor-widget-container\">\n\t\t\t\t\t\t\t<p align=\"center\"><strong>Jeste\u015b zainteresowany do\u0142\u0105czeniem do elitarnego grona partner\u00f3w Breadcoin?<br \/>Chcesz pozna\u0107 wi\u0119cej korzy\u015bci p\u0142yn\u0105cych z przyst\u0105pienia do tego rewolucyjnego programu lojalno\u015bciowego?<\/strong><\/p><p align=\"center\"><a href=\"tel:226526010\"><strong><u>Zapytaj o szczeg\u00f3\u0142ow\u0105 ofert\u0119!<\/u><\/strong><\/a><\/p>\t\t\t\t\t\t<\/div>\n\t\t\t\t<\/div>\n\t\t\t\t\t<\/div>\n\t\t<\/div>\n\t\t\t\t\t\t\t<\/div>\n\t\t<\/section>\n\t\t\t\t\t\t<\/div>\n\t\t\t\t\t<\/div>\n\t\t","protected":false},"excerpt":{"rendered":"<p>Zacznij zbiera\u0107 Breadcoiny ju\u017c dzi\u015b! Zobacz, jakie to proste Krok 1 Pobierz dedykowan\u0105 aplikacj\u0119 mobiln\u0105, za\u0142\u00f3\u017c konto, a nast\u0119pnie wybierz profil \u2013 z\u0142oty, srebrny lub br\u0105zowy. Decyduje on o ilo\u015bci przekazywanych danych, a tak\u017ce nominale zbieranych przez Ciebie monet. Krok 2 Odwied\u017a sw\u00f3j ulubiony sklep, a przy kasie przedstaw mobiln\u0105 kart\u0119 klienta. Po jej zeskanowaniu&hellip; <a class=\"more-link\" href=\"https:\/\/breadcoin.pl\/\">Czytaj dalej <span class=\"screen-reader-text\">Strona g\u0142\u00f3wna<\/span><\/a><\/p>\n","protected":false},"author":1,"featured_media":0,"parent":0,"menu_order":0,"comment_status":"closed","ping_status":"closed","template":"","meta":{"footnotes":""},"class_list":["post-227","page","type-page","status-publish","hentry","entry"],"_links":{"self":[{"href":"https:\/\/breadcoin.pl\/index.php?rest_route=\/wp\/v2\/pages\/227","targetHints":{"allow":["GET"]}}],"collection":[{"href":"https:\/\/breadcoin.pl\/index.php?rest_route=\/wp\/v2\/pages"}],"about":[{"href":"https:\/\/breadcoin.pl\/index.php?rest_route=\/wp\/v2\/types\/page"}],"author":[{"embeddable":true,"href":"https:\/\/breadcoin.pl\/index.php?rest_route=\/wp\/v2\/users\/1"}],"replies":[{"embeddable":true,"href":"https:\/\/breadcoin.pl\/index.php?rest_route=%2Fwp%2Fv2%2Fcomments&post=227"}],"version-history":[{"count":107,"href":"https:\/\/breadcoin.pl\/index.php?rest_route=\/wp\/v2\/pages\/227\/revisions"}],"predecessor-version":[{"id":564,"href":"https:\/\/breadcoin.pl\/index.php?rest_route=\/wp\/v2\/pages\/227\/revisions\/564"}],"wp:attachment":[{"href":"https:\/\/breadcoin.pl\/index.php?rest_route=%2Fwp%2Fv2%2Fmedia&parent=227"}],"curies":[{"name":"wp","href":"https:\/\/api.w.org\/{rel}","templated":true}]}}